*o = -m + 28 - 12. Suppose -l - i = -17, q*i - m + 33 = l. List the prime factors of l.
19
Let o = 510 + -331. What are the prime factors of o?
179
Suppose 6*m - 17 = 1. Suppose m*a - 7*a + 80 = 0. What are the prime factors of a?
2, 5
Let w = 69 + -63. Let g(b) = 4*b**2 - 23*b + 17. List the prime factors of g(w).
23
Let f(d) = 6 - 2 + d**3 + 4 - 12*d**2 - 18*d. What are the prime factors of f(14)?
2, 37
Let m be -2 + (-14)/21*3/2. What are the prime factors of m - (-2 - (111 - -4))?
2, 3, 19
Suppose -193 = -3*q + 4*t, t - 176 = -4*q + 94. Suppose a = -0*a - 3, a = 3*h + 120. Let s = h + q. What are the prime factors of s?
2, 13
Let q(r) = 4*r**2 + 25*r + 10. Let v be q(-11). Suppose -6*j - 21 + v = 0. What are the prime factors of j?
3, 11
Suppose -19*i + 2842 = -17*i. Suppose -5*b - 2*c = -1535, 3*b - i = -3*c - 509. What are the prime factors of b?
3, 103
Let h = 1072 + -582. What are the prime factors of h?
2, 5, 7
List the prime factors of (-15)/(-3) + (1021 - -22).
2, 131
Suppose 9 + 10 = 5*q + 3*y, -2*q - 3*y = -13. Let u be (-186)/((-1 - 2) + q). Suppose 5*a = 54 + u. List the prime factors of a.
2, 3
Let g(s) = -s**2 + 11*s - 4. Suppose -4*v + v = -30. Let a be g(v). Let m(p) = 2*p**2 - 6*p + 3. What are the prime factors of m(a)?
3, 13
Suppose -2 = -2*z + 8. Suppose -34 - 71 = -z*n. What are the prime factors of n?
3, 7
Let j be 500/(-8)*(1 - (2 - -1)). Suppose -3*h + 7 = -j. List the prime factors of h.
2, 11
Let m(p) = -p**3 + 2*p**2 - p + 5. Let j be m(-5). Suppose -f - 2*d - 3*d - 3 = 0, 0 = 4*f - 3*d - 11. Suppose 7*l - f*l = j. List the prime factors of l.
37
Let f(k) be the second derivative of 41*k**5/10 - k**4/12 - k**3/6 + k**2/2 - 5*k. What are the prime factors of f(1)?
3
Suppose 0 = -f - 7*f - 744. Let u = f + 142. What are the prime factors of u?
7
Suppose f - t - 12 = 0, 0*t + 8 = 2*f + 2*t. Let o be f - (0/(-4) - 4). List the prime factors of ((-8)/o)/(6/(-495)).
5, 11
Suppose -2*b = -3*c + 226 + 85, 0 = 2*c + 2*b - 194. Let f = c + 87. List the prime factors of f.
2, 47
Suppose 0 = 26*q - 5*q - 12978. What are the prime factors of q?
2, 3, 103
Let w(i) = -50*i - 2. Let n be w(-3). Suppose -3*b - 7 = -1, -4*b = -5*u + n. List the prime factors of u.
2, 7
Suppose -3*b - 5*l = -b - 69, l - 33 = -b. Suppose 0 = s - b - 27. List the prime factors of s.
59
Let z(r) = -r**3 - r**2 - 3*r + 71. Let i be z(0). Let m = i - 38. List the prime factors of m.
3, 11
Let q = 106 + -105. List the prime factors of 209 - (q - (-3 + 0 - -6)).
211
Let v(s) = 242*s - 399. What are the prime factors of v(5)?
811
Let w be (-12)/(-3)*22/4. Suppose 74 = 4*j + w. Suppose 0*t = -t + j. What are the prime factors of t?
13
Let m(v) = 0 - v + 5 - 8*v**2 - 1 + 13*v**2. List the prime factors of m(4).
2, 5
Let j(u) = -2*u - 53. Let o be j(-22). What are the prime factors of (114/(-3))/(-2) + (o - -8)?
2, 3
Let r be 2 + -3 + 0 + 4 + -28. What are the prime factors of 750/(-3)*10/r?
2, 5
Let x(w) = 2*w**3 - 7*w**2 - 25*w + 4. Let q be x(7). Suppose -p + q - 58 = 0. List the prime factors of p.
2, 3, 19
Let n = 11 + -8. Suppose -6*y + 15 - n = 0. Suppose 0 = 3*t + y*t - 10, -2*z + 76 = t. List the prime factors of z.
37
Suppose -34*y + 33*y = 120. Let q = -73 - y. What are the prime factors of q?
47
Let l be (6 + -759)/(-1) + (-8)/(-2). Suppose 0 = -5*a + 5*z + 98 + l, a + 3*z - 179 = 0. What are the prime factors of a?
173
Suppose 19*q - 6455 - 1867 = 0. List the prime factors of q.
2, 3, 73
Suppose 0 = 4*z - w - 19 - 12, z = 2*w + 13. Suppose 21*c - z*c - 1358 = 0. List the prime factors of c.
97
Let a = 42 - 49. What are the prime factors of 10*((-18)/(-63) - 68/a)?
2, 5
Let z(p) = 34*p - 2. Let n be z(1). List the prime factors of n - (-2 - -3 - -2).
29
Suppose -5*n = -6274 - 7226. List the prime factors of n.
2, 3, 5
Let n = 11 - -14. Suppose -4*x = x - n. Suppose -18 = -x*z + 37. What are the prime factors of z?
11
What are the prime factors of (-2)/(-24) + (-1077)/(-36)?
2, 3, 5
Let l(n) = -n**2 - 2*n - 18. Let r be l(0). Let k = 20 - r. Suppose v - 21 = k. What are the prime factors of v?
59
Let r = 11 - -79. Suppose -5*j + 4*u = 11 - 97, 5*j = 5*u + r. Let i = j - -1. List the prime factors of i.
3, 5
Let i be (-13)/4 + (-9)/(-36). Let m be (-9)/((3/2)/i). Let p = -2 + m. List the prime factors of p.
2
Let m(n) be the third derivative of -n**6/120 + 4*n**5/15 - 3*n**4/8 - 8*n**3/3 + 9*n**2. List the prime factors of m(15).
2, 37
Let m(i) = 32*i + 1472. What are the prime factors of m(32)?
2, 3, 13
Let c(h) = -2*h - 7. Let k be c(-6). Suppose -5*u + 79 = j, 2*u - k*u = -4*j + 362. What are the prime factors of j?
89
Let y(m) = -m**2 - 15*m - 18. Let d be y(-13). Suppose -654 = 5*h - d*h. List the prime factors of h.
2, 109
Let y(g) = g**3 - 2*g**2 + 2*g - 4. Let i be y(3). Suppose 151 = 4*x + i. List the prime factors of x.
5, 7
Suppose -1 = 4*z - 9. Suppose -13 = -5*k + z. Suppose 5*j - 83 = -3*m + m, 4*j = -k*m + 65. List the prime factors of j.
17
Let b(o) = -33*o + 244. What are the prime factors of b(-14)?
2, 353
Suppose 0 = -3*t + 5*u + 323, -5*u = 2*t - 4*u - 224. List the prime factors of t.
3, 37
Let r be (-260)/(-16)*(-1)/(2/8). Let m = r - -121. What are the prime factors of m?
2, 7
Suppose 2*q = -6 - 408. Let r = 291 + q. Suppose -x - r = -5*x. What are the prime factors of x?
3, 7
Suppose 0 = -5*u + 3*z + 2005, 0*u - 3*z + 781 = 2*u. Suppose -2*f + u = -5*n, -2*f = 4*n - 285 - 95. List the prime factors of f.
2, 97
Suppose -5*u + 18 = 4*u. Suppose -379 = -3*f + u*l, -4*f + 122 = 2*l - 374. What are the prime factors of f?
5
Let a(t) be the second derivative of -t**4/12 - 19*t**3/6 + 9*t**2 + 21*t. List the prime factors of a(-15).
2, 3, 13
Let s be 264/9 + (-2)/(-3). What are the prime factors of 124/(-5)*s/(-12)?
2, 31
Let a(q) = 61*q**3 + q**2 - 3*q + 4. What are the prime factors of a(2)?
2, 5, 7
Let p = -1358 - -2590. List the prime factors of p.
2, 7, 11
Suppose w = u + 6002, -3*w - 3*u + 7*u + 18005 = 0. What are the prime factors of w?
3, 23, 29
List the prime factors of 30*(2 + 0/4).
2, 3, 5
Let u be (-321)/5 + (-5)/(-25). Let p = u + 108. What are the prime factors of p?
2, 11
Let l(t) = 23*t**2 + 26*t + 9. What are the prime factors of l(-14)?
4153
Let h(w) = 6*w - 16. Let i = -8 - -12. Let o be 10 + -10 - i*-2. List the prime factors of h(o).
2
Suppose 0 = 2*u + 2*b + 2 - 122, 5*u - 3*b = 300. Let x be (-908)/u + (-4)/(-30). Let p(l) = l**3 + 14*l**2 - 17*l - 12. List the prime factors of p(x).
2, 3
Suppose 4*c = k - 291, -2*k + 3*k - 2*c - 299 = 0. List the prime factors of k.
307
Let g be -2 + 9*(4 + -3). Let h(z) = 8*z + 8. List the prime factors of h(g).
2
Let z = -898 - -2844. List the prime factors of z.
2, 7, 139
Let h(i) be the first derivative of i**3 + 1/4*i**4 - 1 - 3/2*i**2 + 0*i. What are the prime factors of h(2)?
2, 7
Suppose 0 = -y + 3*y. Suppose -2*b - h = -3, y = 5*b - 2*h + 6*h - 12. Suppose b = -2*d + 6*d - 84. List the prime factors of d.
3, 7
Let f = 137 + -71. List the prime factors of f.
2, 3, 11
Let j be (-6)/90*9 + (-51)/15. Let o(i) = -8*i - 2. Let d(w) = 8*w + 3. Let v(x) = -3*d(x) - 2*o(x). List the prime factors of v(j).
3
Suppose 4*u = 4*y - 656, -44 = -4*y - 5*u + 576. Let t = -19 + y. List the prime factors of t.
3, 47
Let r be 12/9*(-42)/(-4). Suppose -r + 58 = 2*i. Suppose -c + i = c. List the prime factors of c.
11
Let a(b) = 29*b - 107. Let x(j) = 7*j - 27. Let t(k) = 2*a(k) - 9*x(k). List the prime factors of t(-8).
3, 23
List the prime factors of ((-90)/8)/((-9)/360).
2, 3, 5
Let s(b) = 6*b**2 + 2*b + 8. Let a be s(-4). Suppose -2*c + a = 2*q + 2*q, 0 = q. What are the prime factors of c?
2, 3
Let k be 40/(-260) + (-54)/(-13). Let n(z) = -1 + k - 5*z + 1. What are the prime factors of n(-12)?
2
Suppose y + 3*y = t + 1, 5*y = 2*t + 2. Suppose 4*s - 13 + 1 = y. List the prime factors of 2 - (-15 + (-6)/s).
19
Let a(i) = 2*i**2 + 459. What are the prime factors of a(0)?
3, 17
Let i = -3 + 146. Let x = -116 + 41. Let j = x + i. List the prime factors of j.
2, 17
Suppose m + 0*q = -2*q - 7, 24 = 3*m - 3*q. Suppose f = m*d - 433, 2*d + 2*d - 4*f - 564 = 0. List the prime factors of d.
2, 73
Suppose -y + 256 = -t, -5*t = -3*y + y + 506. What are the prime factors of y?
2, 3, 43
Let t(